{"id":311,"date":"2012-03-22T13:43:34","date_gmt":"2012-03-22T13:43:34","guid":{"rendered":"http:\/\/www.olympia-camp.de\/v2\/?page_id=311"},"modified":"2024-07-05T07:22:30","modified_gmt":"2024-07-05T07:22:30","slug":"basketball","status":"publish","type":"page","link":"https:\/\/www.olympia-camp.de\/v2\/basketball\/","title":{"rendered":"Basketball"},"content":{"rendered":"<div class=\"fusion-fullwidth fullwidth-box fusion-builder-row-1 nonhundred-percent-fullwidth non-hundred-percent-height-scrolling\" style=\"--awb-border-radius-top-left:0px;--awb-border-radius-top-right:0px;--awb-border-radius-bottom-right:0px;--awb-border-radius-bottom-left:0px;--awb-flex-wrap:wrap;\" ><div class=\"fusion-builder-row fusion-row\"><div class=\"fusion-layout-column fusion_builder_column fusion-builder-column-0 fusion_builder_column_1_1 1_1 fusion-one-full fusion-column-first fusion-column-last\" style=\"--awb-bg-size:cover;--awb-margin-bottom:0px;\"><div class=\"fusion-column-wrapper fusion-flex-column-wrapper-legacy\"><div class=\"fusion-text fusion-text-1\"><p>Basketball ist eine der schnellsten, spektakul\u00e4rsten und aufregendsten Mannschafts-Ball-Sportart der Welt. In den regul\u00e4ren 4 x 10 Minuten Spielzeit, die wegen st\u00e4ndiger Spielunterbrechungen nie unter einer Stunde laufen, spielen zwei Mannschaften mit je f\u00fcnf Spielern auf einem Feld, deren Ziel es ist, den Ball in den Korb des Gegners zu werfen und die andere Mannschaft daran zu hindern, Korberfolge zu erzielen.<\/p>\n<p>Im OlympiaCamp versuchen wir als Trainer den Campkindern die Grundlagen dieser Sportart durch Spiele (nicht nur Basketball selber, sondern z.B. auch durch das sehr beliebte Spiel &#8222;Bump&#8220;) und durch leichte und sp\u00e4ter auch anspruchsvollere \u00dcbungen zu vermitteln. Nach der Camp-Woche sind die Kinder in der Lage sich selbst zu einem Basketballspiel zu organisieren und dabei ihr Gelerntes (Korbleger, Korbwurf, Verteidigungsstellung, Rebounds etc.) in die Tat um zu setzen. Wir trainieren auf dem Basketballplatz von Eintracht Hildesheim. Nach dieser Woche haben sich auch schon einige Kinder dazu entschieden, dem Verein beizutreten und in einer Mannschaft zu spielen.<\/p>\n<p><span style=\"text-decoration: underline;\">Basketballabteilung von Eintracht Hildesheim<\/span><br \/>\nWeitere Infos zu den Trainingszeiten unter<br \/>\n<a href=\"http:\/\/www.basketball.eintracht-hildesheim.de\">www.basketball.eintracht-hildesheim.de<\/a><\/p>\n<p><span style=\"text-decoration: underline;\">Ansprechpartner<\/span><br \/>\nSilke Cordes<br \/>\nE-Mail: silke.cordes@web.de<br \/>\nBenny Kelle<br \/>\nE-Mail: benny.kelle@freenet.de<\/p>\n<\/div><div class=\"awb-gallery-wrapper awb-gallery-wrapper-1 button-span-no\" style=\"--more-btn-alignment:center;\"><div style=\"margin:-5px;--awb-bordersize:0px;--awb-columns-medium:100%;--awb-columns-small:100%;\" class=\"fusion-gallery fusion-gallery-container fusion-grid-2 fusion-columns-total-5 fusion-gallery-layout-grid fusion-gallery-1\"><div style=\"padding:5px;\" class=\"fusion-grid-column fusion-gallery-column fusion-gallery-column-2 hover-type-none\"><div class=\"fusion-gallery-image\"><a href=\"https:\/\/www.olympia-camp.de\/v2\/wp-content\/uploads\/2024\/07\/2023-08-10_0243-scaled.jpg\" rel=\"noreferrer\" data-rel=\"iLightbox[gallery_image_1]\" class=\"fusion-lightbox\" target=\"_self\"><img decoding=\"async\" src=\"https:\/\/www.olympia-camp.de\/v2\/wp-content\/uploads\/2024\/07\/2023-08-10_0243-scaled.jpg\" width=\"2560\" height=\"1696\" alt=\"\" title=\"2023-08-10_0243\" aria-label=\"2023-08-10_0243\" class=\"img-responsive wp-image-4605\" srcset=\"https:\/\/www.olympia-camp.de\/v2\/wp-content\/uploads\/2024\/07\/2023-08-10_0243-200x132.jpg 200w, https:\/\/www.olympia-camp.de\/v2\/wp-content\/uploads\/2024\/07\/2023-08-10_0243-400x265.jpg 400w, https:\/\/www.olympia-camp.de\/v2\/wp-content\/uploads\/2024\/07\/2023-08-10_0243-600x397.jpg 600w, https:\/\/www.olympia-camp.de\/v2\/wp-content\/uploads\/2024\/07\/2023-08-10_0243-800x530.jpg 800w, https:\/\/www.olympia-camp.de\/v2\/wp-content\/uploads\/2024\/07\/2023-08-10_0243-1200x795.jpg 1200w, https:\/\/www.olympia-camp.de\/v2\/wp-content\/uploads\/2024\/07\/2023-08-10_0243-scaled.jpg 2560w\" sizes=\"(min-width: 2200px) 100vw, (min-width: 1042px) 633px, (min-width: 970px) 1042px, \" \/><\/a><\/div><\/div><div style=\"padding:5px;\" class=\"fusion-grid-column fusion-gallery-column fusion-gallery-column-2 hover-type-none\"><div class=\"fusion-gallery-image\"><a href=\"https:\/\/www.olympia-camp.de\/v2\/wp-content\/uploads\/2024\/07\/2023-08-10_0271-scaled.jpg\" rel=\"noreferrer\" data-rel=\"iLightbox[gallery_image_1]\" class=\"fusion-lightbox\" target=\"_self\"><img decoding=\"async\" src=\"https:\/\/www.olympia-camp.de\/v2\/wp-content\/uploads\/2024\/07\/2023-08-10_0271-scaled.jpg\" width=\"2560\" height=\"1696\" alt=\"\" title=\"2023-08-10_0271\" aria-label=\"2023-08-10_0271\" class=\"img-responsive wp-image-4606\" srcset=\"https:\/\/www.olympia-camp.de\/v2\/wp-content\/uploads\/2024\/07\/2023-08-10_0271-200x132.jpg 200w, https:\/\/www.olympia-camp.de\/v2\/wp-content\/uploads\/2024\/07\/2023-08-10_0271-400x265.jpg 400w, https:\/\/www.olympia-camp.de\/v2\/wp-content\/uploads\/2024\/07\/2023-08-10_0271-600x397.jpg 600w, https:\/\/www.olympia-camp.de\/v2\/wp-content\/uploads\/2024\/07\/2023-08-10_0271-800x530.jpg 800w, https:\/\/www.olympia-camp.de\/v2\/wp-content\/uploads\/2024\/07\/2023-08-10_0271-1200x795.jpg 1200w, https:\/\/www.olympia-camp.de\/v2\/wp-content\/uploads\/2024\/07\/2023-08-10_0271-scaled.jpg 2560w\" sizes=\"(min-width: 2200px) 100vw, (min-width: 1042px) 633px, (min-width: 970px) 1042px, \" \/><\/a><\/div><\/div><div class=\"clearfix\"><\/div><div style=\"padding:5px;\" class=\"fusion-grid-column fusion-gallery-column fusion-gallery-column-2 hover-type-none\"><div class=\"fusion-gallery-image\"><a href=\"https:\/\/www.olympia-camp.de\/v2\/wp-content\/uploads\/2024\/07\/348-DSC_7137-scaled.jpg\" rel=\"noreferrer\" data-rel=\"iLightbox[gallery_image_1]\" class=\"fusion-lightbox\" target=\"_self\"><img decoding=\"async\" src=\"https:\/\/www.olympia-camp.de\/v2\/wp-content\/uploads\/2024\/07\/348-DSC_7137-scaled.jpg\" width=\"2560\" height=\"1703\" alt=\"\" title=\"348 &#8211; DSC_7137\" aria-label=\"348 &#8211; DSC_7137\" class=\"img-responsive wp-image-4607\" srcset=\"https:\/\/www.olympia-camp.de\/v2\/wp-content\/uploads\/2024\/07\/348-DSC_7137-200x133.jpg 200w, https:\/\/www.olympia-camp.de\/v2\/wp-content\/uploads\/2024\/07\/348-DSC_7137-400x266.jpg 400w, https:\/\/www.olympia-camp.de\/v2\/wp-content\/uploads\/2024\/07\/348-DSC_7137-600x399.jpg 600w, https:\/\/www.olympia-camp.de\/v2\/wp-content\/uploads\/2024\/07\/348-DSC_7137-800x532.jpg 800w, https:\/\/www.olympia-camp.de\/v2\/wp-content\/uploads\/2024\/07\/348-DSC_7137-1200x798.jpg 1200w, https:\/\/www.olympia-camp.de\/v2\/wp-content\/uploads\/2024\/07\/348-DSC_7137-scaled.jpg 2560w\" sizes=\"(min-width: 2200px) 100vw, (min-width: 1042px) 633px, (min-width: 970px) 1042px, \" \/><\/a><\/div><\/div><div style=\"padding:5px;\" class=\"fusion-grid-column fusion-gallery-column fusion-gallery-column-2 hover-type-none\"><div class=\"fusion-gallery-image\"><a href=\"https:\/\/www.olympia-camp.de\/v2\/wp-content\/uploads\/2024\/07\/338-DSC_7068-scaled.jpg\" rel=\"noreferrer\" data-rel=\"iLightbox[gallery_image_1]\" class=\"fusion-lightbox\" target=\"_self\"><img decoding=\"async\" src=\"https:\/\/www.olympia-camp.de\/v2\/wp-content\/uploads\/2024\/07\/338-DSC_7068-scaled.jpg\" width=\"2560\" height=\"1703\" alt=\"\" title=\"338 &#8211; DSC_7068\" aria-label=\"338 &#8211; DSC_7068\" class=\"img-responsive wp-image-4608\" srcset=\"https:\/\/www.olympia-camp.de\/v2\/wp-content\/uploads\/2024\/07\/338-DSC_7068-200x133.jpg 200w, https:\/\/www.olympia-camp.de\/v2\/wp-content\/uploads\/2024\/07\/338-DSC_7068-400x266.jpg 400w, https:\/\/www.olympia-camp.de\/v2\/wp-content\/uploads\/2024\/07\/338-DSC_7068-600x399.jpg 600w, https:\/\/www.olympia-camp.de\/v2\/wp-content\/uploads\/2024\/07\/338-DSC_7068-800x532.jpg 800w, https:\/\/www.olympia-camp.de\/v2\/wp-content\/uploads\/2024\/07\/338-DSC_7068-1200x798.jpg 1200w, https:\/\/www.olympia-camp.de\/v2\/wp-content\/uploads\/2024\/07\/338-DSC_7068-scaled.jpg 2560w\" sizes=\"(min-width: 2200px) 100vw, (min-width: 1042px) 633px, (min-width: 970px) 1042px, \" \/><\/a><\/div><\/div><div class=\"clearfix\"><\/div><div style=\"padding:5px;\" class=\"fusion-grid-column fusion-gallery-column fusion-gallery-column-2 hover-type-none\"><div class=\"fusion-gallery-image\"><a href=\"https:\/\/www.olympia-camp.de\/v2\/wp-content\/uploads\/2024\/07\/GP_Di-33-scaled.jpg\" rel=\"noreferrer\" data-rel=\"iLightbox[gallery_image_1]\" class=\"fusion-lightbox\" target=\"_self\"><img decoding=\"async\" src=\"https:\/\/www.olympia-camp.de\/v2\/wp-content\/uploads\/2024\/07\/GP_Di-33-scaled.jpg\" width=\"2560\" height=\"1707\" alt=\"\" title=\"GP_Di (33)\" aria-label=\"GP_Di (33)\" class=\"img-responsive wp-image-4609\" srcset=\"https:\/\/www.olympia-camp.de\/v2\/wp-content\/uploads\/2024\/07\/GP_Di-33-200x133.jpg 200w, https:\/\/www.olympia-camp.de\/v2\/wp-content\/uploads\/2024\/07\/GP_Di-33-400x267.jpg 400w, https:\/\/www.olympia-camp.de\/v2\/wp-content\/uploads\/2024\/07\/GP_Di-33-600x400.jpg 600w, https:\/\/www.olympia-camp.de\/v2\/wp-content\/uploads\/2024\/07\/GP_Di-33-800x533.jpg 800w, https:\/\/www.olympia-camp.de\/v2\/wp-content\/uploads\/2024\/07\/GP_Di-33-1200x800.jpg 1200w, https:\/\/www.olympia-camp.de\/v2\/wp-content\/uploads\/2024\/07\/GP_Di-33-scaled.jpg 2560w\" sizes=\"(min-width: 2200px) 100vw, (min-width: 1042px) 633px, (min-width: 970px) 1042px, \" \/><\/a><\/div><\/div><\/div><\/div><div class=\"fusion-clearfix\"><\/div><\/div><\/div><\/div><\/div>\n","protected":false},"excerpt":{"rendered":"","protected":false},"author":3,"featured_media":0,"parent":0,"menu_order":20,"comment_status":"closed","ping_status":"closed","template":"","meta":{"footnotes":""},"class_list":["post-311","page","type-page","status-publish","hentry"],"_links":{"self":[{"href":"https:\/\/www.olympia-camp.de\/v2\/wp-json\/wp\/v2\/pages\/311","targetHints":{"allow":["GET"]}}],"collection":[{"href":"https:\/\/www.olympia-camp.de\/v2\/wp-json\/wp\/v2\/pages"}],"about":[{"href":"https:\/\/www.olympia-camp.de\/v2\/wp-json\/wp\/v2\/types\/page"}],"author":[{"embeddable":true,"href":"https:\/\/www.olympia-camp.de\/v2\/wp-json\/wp\/v2\/users\/3"}],"replies":[{"embeddable":true,"href":"https:\/\/www.olympia-camp.de\/v2\/wp-json\/wp\/v2\/comments?post=311"}],"version-history":[{"count":17,"href":"https:\/\/www.olympia-camp.de\/v2\/wp-json\/wp\/v2\/pages\/311\/revisions"}],"predecessor-version":[{"id":4610,"href":"https:\/\/www.olympia-camp.de\/v2\/wp-json\/wp\/v2\/pages\/311\/revisions\/4610"}],"wp:attachment":[{"href":"https:\/\/www.olympia-camp.de\/v2\/wp-json\/wp\/v2\/media?parent=311"}],"curies":[{"name":"wp","href":"https:\/\/api.w.org\/{rel}","templated":true}]}}